ist the prime factors of 1336.
2, 167
What are the prime factors of 9654?
2, 3, 1609
What are the prime factors of 41699?
7, 23, 37
List the prime factors of 1095.
3, 5, 73
List the prime factors of 6404.
2, 1601
What are the prime factors of 2445?
3, 5, 163
What are the prime factors of 124?
2, 31
What are the prime factors of 3979?
23, 173
What are the prime factors of 16975?
5, 7, 97
List the prime factors of 13643.
7, 1949
List the prime factors of 73293.
3, 11, 2221
What are the prime factors of 2316?
2, 3, 193
What are the prime factors of 24?
2, 3
List the prime factors of 1775.
5, 71
List the prime factors of 2933.
7, 419
List the prime factors of 1497.
3, 499
What are the prime factors of 11781?
3, 7, 11, 17
List the prime factors of 19592.
2, 31, 79
What are the prime factors of 39825?
3, 5, 59
What are the prime factors of 21342?
2, 3, 3557
List the prime factors of 22715.
5, 7, 11, 59
List the prime factors of 1232.
2, 7, 11
List the prime factors of 18992.
2, 1187
What are the prime factors of 937?
937
List the prime factors of 27971.
83, 337
List the prime factors of 55.
5, 11
List the prime factors of 5737.
5737
What are the prime factors of 1183?
7, 13
What are the prime factors of 14067?
3, 521
What are the prime factors of 15565?
5, 11, 283
List the prime factors of 280.
2, 5, 7
List the prime factors of 1442.
2, 7, 103
List the prime factors of 845.
5, 13
List the prime factors of 80135.
5, 11, 31, 47
What are the prime factors of 725?
5, 29
List the prime factors of 20451.
3, 17, 401
What are the prime factors of 2411?
2411
What are the prime factors of 3179?
11, 17
List the prime factors of 10781.
10781
List the prime factors of 455.
5, 7, 13
What are the prime factors of 46861?
46861
What are the prime factors of 923?
13, 71
List the prime factors of 591.
3, 197
What are the prime factors of 293?
293
What are the prime factors of 34689?
3, 31, 373
List the prime factors of 1052.
2, 263
What are the prime factors of 7536?
2, 3, 157
What are the prime factors of 78135?
3, 5, 5209
What are the prime factors of 711?
3, 79
What are the prime factors of 188591?
13, 89, 163
What are the prime factors of 32048?
2, 2003
List the prime factors of 1753.
1753
What are the prime factors of 3923?
3923
What are the prime factors of 7659?
3, 23, 37
What are the prime factors of 48458?
2, 24229
What are the prime factors of 4879?
7, 17, 41
What are the prime factors of 1395?
3, 5, 31
What are the prime factors of 7194?
2, 3, 11, 109
What are the prime factors of 17219?
67, 257
What are the prime factors of 109135?
5, 13, 23, 73
List the prime factors of 47578.
2, 23789
List the prime factors of 5505.
3, 5, 367
What are the prime factors of 104?
2, 13
List the prime factors of 106661.
106661
List the prime factors of 1460.
2, 5, 73
What are the prime factors of 221?
13, 17
List the prime factors of 1310.
2, 5, 131
What are the prime factors of 121165?
5, 11, 2203
What are the prime factors of 51320?
2, 5, 1283
What are the prime factors of 12097?
12097
List the prime factors of 36880.
2, 5, 461
List the prime factors of 14672.
2, 7, 131
What are the prime factors of 6305?
5, 13, 97
What are the prime factors of 15591?
3, 5197
List the prime factors of 11564.
2, 7, 59
List the prime factors of 3341.
13, 257
List the prime factors of 3516.
2, 3, 293
What are the prime factors of 432?
2, 3
What are the prime factors of 21677?
53, 409
List the prime factors of 1795.
5, 359
List the prime factors of 529.
23
List the prime factors of 3427.
23, 149
What are the prime factors of 139456?
2, 2179
What are the prime factors of 28587?
3, 13, 733
List the prime factors of 402.
2, 3, 67
List the prime factors of 9393.
3, 31, 101
List the prime factors of 39.
3, 13
What are the prime factors of 53381?
53381
What are the prime factors of 1130?
2, 5, 113
What are the prime factors of 7201?
19, 379
What are the prime factors of 9783?
3, 1087
List the prime factors of 107887.
13, 43, 193
What are the prime factors of 33461?
33461
What are the prime factors of 28639?
13, 2203
What are the prime factors of 679?
7, 97
List the prime factors of 129071.
337, 383
List the prime factors of 1355.
5, 271
List the prime factors of 22174.
2, 11087
What are the prime factors of 1873?
1873
List the prime factors of 4952.
2, 619
What are the prime factors of 18751?
17, 1103
What are the prime factors of 4980?
2, 3, 5, 83
What are the prime factors of 3518?
2, 1759
List the prime factors of 199.
199
List the prime factors of 62966.
2, 19, 1657
What are the prime factors of 4871?
4871
List the prime factors of 812.
2, 7, 29
What are the prime factors of 49597?
49597
List the prime factors of 41411.
41411
What are the prime factors of 41164?
2, 41, 251
What are the prime factors of 46724?
2, 11681
List the prime factors of 30580.
2, 5, 11, 139
What are the prime factors of 37920?
2, 3, 5, 79
List the prime factors of 877.
877
What are the prime factors of 9944?
2, 11, 113
What are the prime factors of 14724?
2, 3, 409
List the prime factors of 112.
2, 7
What are the prime factors of 1179?
3, 131
List the prime factors of 320.
2, 5
List the prime factors of 5549.
31, 179
List the prime factors of 1694.
2, 7, 11
List the prime factors of 3072.
2, 3
List the prime factors of 4903.
4903
What are the prime factors of 1731?
3, 577
What are the prime factors of 124200?
2, 3, 5, 23
List the prime factors of 375.
3, 5
What are the prime factors of 6164?
2, 23, 67
What are the prime factors of 41211?
3, 19, 241
What are the prime factors of 2450?
2, 5, 7
List the prime factors of 75793.
75793
List the prime factors of 3875.
5, 31
List the prime factors of 151273.
151273
What are the prime factors of 910?
2, 5, 7, 13
List the prime factors of 536.
2, 67
What are the prime factors of 291?
3, 97
What are the prime factors of 6652?
2, 1663
List the prime factors of 141.
3, 47
List the prime factors of 255.
3, 5, 17
List the prime factors of 5456.
2, 11, 31
List the prime factors of 3893.
17, 229
List the prime factors of 25956.
2, 3, 7, 103
What are the prime factors of 718?
2, 359
List the prime factors of 1494.
2, 3, 83
List the prime factors of 20558.
2, 19, 541
List the prime factors of 33582.
2, 3, 29, 193
List the prime factors of 22835.
5, 4567
What are the prime factors of 250?
2, 5
What are the prime factors of 162236?
2, 40559
What are the prime factors of 8687?
7, 17, 73
List the prime factors of 16864.
2, 17, 31
List the prime factors of 3391.
3391
List the prime factors of 83209.
7, 11887
List the prime factors of 15054.
2, 3, 13, 193
What are the prime factors of 77893?
77893
What are the prime factors of 2919?
3, 7, 139
List the prime factors of 3414.
2, 3, 569
What are the prime factors of 1766?
2, 883
List the prime factors of 1731.
3, 577
What are the prime factors of 101696?
2, 7, 227
List the prime factors of 65328.
2, 3, 1361
What are the prime factors of 8903?
29, 307
List the prime factors of 908.
2, 227
What are the prime factors of 13207?
47, 281
What are the prime factors of 3363?
3, 19, 59
What are the prime factors of 20790?
2, 3, 5, 7, 11
List the prime factors of 1144.
2, 11, 13
What are the prime factors of 44077?
11, 4007
What are the prime factors of 47993?
11, 4363
List the prime factors of 871.
13, 67
What are the prime factors of 6776?
2, 7, 11
What are the prime factors of 2891?
7, 59
What are the prime factors of 789?
3, 263
List the prime factors of 388.
2, 97
What are the prime factors of 124?
2, 31
What are the prime factors of 60045?
3, 5, 4003
What are the prime factors of 549?
3, 61
What are the prime factors of 8209?
8209
What are the prime factors of 102003?
3, 11, 281
List the prime factors of 1069.
1069
What are the prime factors of 20401?
23, 887
List the prime factors of 1379.
7, 197
List the prime factors of 1800.
2, 3, 5
What are the prime factors of 8634?
2, 3, 1439
List the prime factors of 70495.
5, 23, 613
List the prime factors of 54999.
3, 7, 97
What are the prime factors of 474?
2, 3, 79
What are the prime factors of 4773?
3, 37, 43
List the prime factors of 8799.
3, 7, 419
List the prime factors of 20897.
20897
What are the prime factors of 68889?
3, 22963
List the prime factors of 76286.
2, 7, 5449
What are the prime factor